14
Calculate the remainder when 381 is divided by 77.
73
Calculate the remainder when 582 is divided by 275.
32
What is the remainder when 242 is divided by 128?
114
What is the remainder when 947 is divided by 191?
183
Calculate the remainder when 30051 is divided by 41.
39
What is the remainder when 1314 is divided by 14?
12
What is the remainder when 1097 is divided by 25?
22
Calculate the remainder when 1939 is divided by 278.
271
What is the remainder when 495 is divided by 62?
61
What is the remainder when 398 is divided by 105?
83
What is the remainder when 366 is divided by 171?
24
Calculate the remainder when 172 is divided by 8.
4
Calculate the remainder when 93 is divided by 36.
21
What is the remainder when 87 is divided by 30?
27
What is the remainder when 4384 is divided by 17?
15
Calculate the remainder when 1603 is divided by 509.
76
Calculate the remainder when 31 is divided by 8.
7
Calculate the remainder when 327 is divided by 11.
8
What is the remainder when 2711 is divided by 3?
2
Calculate the remainder when 147 is divided by 5.
2
What is the remainder when 2038 is divided by 171?
157
What is the remainder when 13516 is divided by 4502?
10
What is the remainder when 9287 is divided by 24?
23
Calculate the remainder when 713 is divided by 59.
5
What is the remainder when 529 is divided by 77?
67
Calculate the remainder when 607 is divided by 97.
25
What is the remainder when 239 is divided by 11?
8
What is the remainder when 463 is divided by 76?
7
What is the remainder when 254 is divided by 68?
50
What is the remainder when 210 is divided by 20?
10
Calculate the remainder when 1761 is divided by 28.
25
What is the remainder when 356 is divided by 146?
64
What is the remainder when 74 is divided by 38?
36
What is the remainder when 201 is divided by 34?
31
Calculate the remainder when 35061 is divided by 47.
46
Calculate the remainder when 413 is divided by 2.
1
What is the remainder when 1443 is divided by 76?
75
What is the remainder when 495 is divided by 445?
50
Calculate the remainder when 16309 is divided by 70.
69
Calculate the remainder when 6921 is divided by 9.
0
Calculate the remainder when 186 is divided by 9.
6
Calculate the remainder when 1814 is divided by 55.
54
What is the remainder when 237 is divided by 12?
9
Calculate the remainder when 2511 is divided by 21.
12
What is the remainder when 310 is divided by 57?
25
Calculate the remainder when 4676 is divided by 180.
176
Calculate the remainder when 201 is divided by 5.
1
Calculate the remainder when 176 is divided by 59.
58
What is the remainder when 146 is divided by 40?
26
What is the remainder when 2478 is divided by 811?
45
Calculate the remainder when 30845 is divided by 13.
9
What is the remainder when 413 is divided by 42?
35
Calculate the remainder when 8 is divided by 2.
0
Calculate the remainder when 1907 is divided by 13.
9
Calculate the remainder when 106 is divided by 18.
16
Calculate the remainder when 505 is divided by 29.
12
Calculate the remainder when 122 is divided by 39.
5
Calculate the remainder when 870 is divided by 246.
132
Calculate the remainder when 1234 is divided by 155.
149
What is the remainder when 122 is divided by 64?
58
Calculate the remainder when 489 is divided by 185.
119
Calculate the remainder when 690 is divided by 33.
30
What is the remainder when 260 is divided by 101?
58
Calculate the remainder when 2406 is divided by 1202.
2
What is the remainder when 657 is divided by 15?
12
Calculate the remainder when 20 is divided by 3.
2
Calculate the remainder when 417 is divided by 60.
57
What is the remainder when 624 is divided by 152?
16
Calculate the remainder when 262 is divided by 38.
34
What is the remainder when 671 is divided by 177?
140
What is the remainder when 672 is divided by 211?
39
What is the remainder when 163 is divided by 98?
65
What is the remainder when 599 is divided by 75?
74
What is the remainder when 3112 is divided by 35?
32
Calculate the remainder when 1863 is divided by 84.
15
What is the remainder when 957 is divided by 951?
6
What is the remainder when 581 is divided by 294?
287
What is the remainder when 20466 is divided by 28?
26
Calculate the remainder when 69 is divided by 3.
0
Calculate the remainder when 68 is divided by 27.
14
Calculate the remainder when 2573 is divided by 638.
21
What is the remainder when 439 is divided by 31?
5
Calculate the remainder when 754 is divided by 2.
0
What is the remainder when 241 is divided by 61?
58
What is the remainder when 246 is divided by 24?
6
Calculate the remainder when 4616 is divided by 308.
304
Calculate the remainder when 281 is divided by 50.
31
Calculate the remainder when 459 is divided by 36.
27
Calculate the remainder when 37 is divided by 16.
5
What is the remainder when 179 is divided by 31?
24
What is the remainder when 1390 is divided by 10?
0
What is the remainder when 245 is divided by 41?
40
Calculate the remainder when 137 is divided by 12.
5
Calculate the remainder when 288 is divided by 79.
51
What is the remainder when 1967 is divided by 324?
23
What is the remainder when 27 is divided by 10?
7
What is the remainder when 58 is divided by 44?
14
Calculate the remainder when 272 is divided by 70.
62
What is the remainder when 35 is divided by 3?
2
What is the remainder when 111 is divided by 40?
31
Calculate the remainder when 707 is divided by 337.
33
What is the remainder when 1703 is divided by 133?
107
What is the remainder when 119 is divided by 60?
59
What is the remainder when 558 is divided by 28?
26
What is the remainder when 307 is divided by 62?
59
What is the remainder when 366 is divided by 75?
66
Calculate the remainder when 1648 is divided by 81.
28
What is the remainder when 357 is divided by 92?
81
What is the remainder when 775 is divided by 205?
160
Calculate the remainder when 482 is divided by 19.
7
What is the remainder when 10075 is divided by 22?
21
Calculate the remainder when 186 is divided by 45.
6
What is the remainder when 124 is divided by 45?
34
Calculate the remainder when 138 is divided by 125.
13
What is the remainder when 193 is divided by 3?
1
What is the remainder when 31366 is divided by 127?
124
Calculate the remainder when 346 is divided by 116.
114
What is the remainder when 202 is divided by 53?
43
What is the remainder when 370 is divided by 75?
70
Calculate the remainder when 4599 is divided by 34.
9
Calculate the remainder when 4703 is divided by 24.
23
Calculate the remainder when 696 is divided by 22.
14
Calculate the remainder when 1372 is divided by 275.
272
Calculate the remainder when 186 is divided by 51.
33
Calculate the remainder when 2990 is divided by 11.
9
What is the remainder when 29 is divided by 12?
5
What is the remainder when 116 is divided by 70?
46
What is the remainder when 4345 is divided by 53?
52
Calculate the remainder when 741 is divided by 106.
105
What is the remainder when 1412 is divided by 101?
99
What is the remainder when 88 is divided by 23?
19
Calculate the remainder when 227 is divided by 19.
18
What is the remainder when 2098 is divided by 162?
154
Calculate the remainder when 280 is divided by 132.
16
Calculate the remainder when 127 is divided by 13.
10
What is the remainder when 278 is divided by 5?
3
What is the remainder when 1372 is divided by 15?
7
Calculate the remainder when 368 is divided by 22.
16
Calculate the remainder when 357 is divided by 216.
141
What is the remainder when 241 is divided by 76?
13
What is the remainder when 135 is divided by 17?
16
Calculate the remainder when 4162 is divided by 1387.
1
What is the remainder when 1348 is divided by 50?
48
Calculate the remainder when 103 is divided by 22.
15
Calculate the remainder when 78 is divided by 16.
14
Calculate the remainder when 15902 is divided by 16.
14
Calculate the remainder when 2187 is divided by 76.
59
What is the remainder when 897 is divided by 53?
49
What is the remainder when 186 is divided by 10?
6
What is the remainder when 374 is divided by 91?
10
Calculate the remainder when 353 is divided by 127.
99
Calculate the remainder when 686 is divided by 8.
6
What is the remainder when 183 is divided by 19?
12
Calculate the remainder when 502 is divide